 - 2330 - 1695 = 0. Calculate the remainder when v is divided by 101.
98
Let p be (-1 + 1)/(-2 - -1). Suppose g - 5 + 8 = p. What is the remainder when -1 + (-6)/g - -77 is divided by 20?
18
Let w(c) = 12*c + 6*c - 16*c + c**2 - 4. Let u(m) = m**2 - 8*m - 11. What is the remainder when u(13) is divided by w(3)?
10
Let n(f) = f**3 - 2*f**2 - 7*f + 6. Suppose 3*c = -d + 66, 3*c + 2*c = 4*d - 281. What is the remainder when d is divided by n(4)?
9
Suppose 2*v + q - 6*q = 26, v + q - 13 = 0. Suppose -360 - 486 = -9*j. Let h = -86 + j. What is the remainder when v is divided by h?
5
What is the remainder when 39 is divided by ((-32)/(-24))/(2/(-6)) - -24?
19
Suppose 3 + 131 = 2*c. Suppose 2*b + 5*m + 71 = 0, -2*b + 3*m - 36 = 75. Let j = b + c. What is the remainder when 56 is divided by j?
18
Let s(c) = 14*c - 8. Let y be s(7). Let h = 130 - y. What is the remainder when 79 is divided by h?
39
Suppose -12 = -3*a - 3*a. Suppose -t + 4*w + 9 + 1 = 0, 5*t = a*w + 50. Calculate the remainder when 49 is divided by t.
9
Suppose -5*a + 2*n = n - 42, 0 = -2*a + 3*n + 9. Suppose -16 = -3*q - 4. What is the remainder when a is divided by q?
1
Let h(l) = -l**2 + l. Let t(w) = w**3 + 3*w**2 + 2*w + 1. Let j be t(-2). Let a be h(j). Suppose -x + 6*x - 5 = a. What is the remainder when 1 is divided by x?
0
Suppose -13*d + 5*d + 8432 = 0. What is the remainder when d is divided by 88?
86
Suppose 5*b = 4*v - 242, -2*v + 80 + 116 = -4*b. Let z = 16 - b. Calculate the remainder when z is divided by 23.
20
Let p(z) = 5*z**3 + 31*z**2 - 6*z - 16. What is the remainder when 215 is divided by p(-6)?
47
Suppose 2*j + 34 = 3*r - r, 3*r - 53 = 2*j. Let o = -3 + r. What is the remainder when 29 is divided by o?
13
Suppose 0*l + 3*l = -3*q + 39, 2*q - 36 = -4*l. Suppose -2*d + d - 4*s = 4, 3*d - 4 = -4*s. What is the remainder when d is divided by 1/4 - (-14)/q?
0
Let o(c) = 179*c + 1468. Let s(n) = -22*n - 5. Calculate the remainder when s(-5) is divided by o(-8).
33
Let k(f) = -f**3 - 6*f**2 - 10*f + 12. Calculate the remainder when 515 is divided by k(-5).
34
Suppose 363 = 3*m + 3*s, 16*m - 11*m + 4*s - 604 = 0. Calculate the remainder when m is divided by 13.
3
Suppose -u - x + 0*x = -10, -x - 17 = -2*u. Suppose 5*i + 3*g = 2*g + 127, 5*i - 118 = -4*g. Calculate the remainder when i is divided by u.
8
What is the remainder when 488/26 + 234/1014 is divided by 1 + 2 + 2 + -3?
1
Suppose 640*z - 1330 = 626*z. Calculate the remainder when 185 is divided by z.
90
Let u(h) = -h**3 - 5*h**2 - 5*h - 5. What is the remainder when 1396/12 + 9 + 50/(-6) is divided by u(-5)?
17
Let q be 536/(-104) - 2/(-13). Let z = -4 - q. Suppose 2*g = 4*s - s - 2, 18 = 4*s + 5*g. What is the remainder when s is divided by z?
0
Let h(r) = 34*r**2 - 2*r + 2. Calculate the remainder when h(2) is divided by 15.
14
Let c = -27 + 45. Suppose 20 = 2*x - 5*v, 6*x - c = 2*x - v. Let l = 20 - x. What is the remainder when l is divided by 6?
3
Suppose 5*r + 33 = 8, -145 = p - r. What is the remainder when (-1 - 2/(-6))/(2/p) is divided by 13?
11
Let i = -6 - 7. Let s = -8 - i. Suppose -16 = 4*x - s*x. Calculate the remainder when x is divided by 9.
7
Let o = -2 - -3. Suppose -5*f + 10 = 5*k - 0*k, f = 5*k + 14. What is the remainder when o/(f/(-156)*-3) is divided by 4?
1
Let i(n) = 2*n**2 + 9*n + 3. Let w be (-20 - -13)*(-6)/(-7). What is the remainder when 58 is divided by i(w)?
16
Let c(y) = -y**3 - y**2 - y + 41. What is the remainder when 203 is divided by c(0)?
39
Suppose 4*b + 2*r - 158 = 0, -2*r - 86 = -3*b + 3*r. Let f = b - 6. Calculate the remainder when f is divided by 17.
14
Suppose 5*d = 25, -3*h - 13*d + 10*d = -39. Calculate the remainder when 244 is divided by h.
4
Suppose 744*k - 752*k = -1512. What is the remainder when k is divided by 36?
9
What is the remainder when 334 is divided by 9/(18/44) + -1?
19
Let k = 2 - -2. Let a be 6/12*-2 - -4*2. Suppose a*z - 51 = -9. Calculate the remainder when z is divided by k.
2
Let f = -2 - -4. Suppose -2*b - f = -3*b. Suppose -4*n + 4*s + 60 = 0, s + b*s = -4*n + 32. What is the remainder when 43 is divided by n?
10
Suppose -3*a = -6, 5*z - 1844 = -4*a - 116. What is the remainder when z is divided by 23?
22
Let q(j) = -j**2 - 15*j + 33. What is the remainder when 232 is divided by q(-14)?
44
Let a = -46 - -111. Let t = 74 - a. Calculate the remainder when t is divided by 6.
3
Let i(w) = -w**2 - 37*w - 43. What is the remainder when 34 is divided by i(-35)?
7
Let d(i) = -5*i**3 + 6*i**2 + 6*i + 1. Let h(j) = 4*j**3 - 3*j**2 - j + 2. What is the remainder when h(2) is divided by d(-1)?
2
Suppose 2*u - 2 = -30. Let l be (-6)/(-14) - 22/u. Suppose l*n - 19 = -3*h, 3*n + 18 = -5*h + 48. What is the remainder when 4 is divided by h?
1
Let l = -110 - -170. Let b(z) = -z**2 + 17*z + 70. What is the remainder when l is divided by b(19)?
28
Let o(n) = 56*n**3 - 3*n**2 - 67*n + 139. What is the remainder when o(2) is divided by 89?
85
Let z be (-28)/(-42) - (-628)/(-6). Let v = 110 + z. Suppose -2*o + 4*j + 78 = 0, -o - o + 53 = j. What is the remainder when o is divided by v?
5
Let f = 22 + -11. Suppose -7 = -3*s + 2*m, m = -3*s - 4*m + 14. Suppose 51 = -0*g + s*g + 3*j, -96 = -4*g + 3*j. What is the remainder when g is divided by f?
10
What is the remainder when 161 is divided by -3 + ((-3)/6 - 351/(-6))?
51
Let s = 11 + -11. Let c be (-25)/(-15)*(s - -3). Suppose c*t - 207 = 63. What is the remainder when t is divided by 14?
12
Suppose 0*d + 82 = 4*t - 3*d, -4*d - 27 = -t. Let a = t + -8. Calculate the remainder when 19 is divided by a.
8
Let r = -158 + 199. Let b(w) = -w**2 - 3*w + 118. Calculate the remainder when b(0) is divided by r.
36
Suppose -4*z = f - 55 + 10, 9 = -3*z. Calculate the remainder when 114 is divided by f.
0
Let d = 20 - -6. Let f = d + -16. Suppose 114*j - 107*j = 196. Calculate the remainder when j is divided by f.
8
Let n = -36 - -63. Let k = 31 - 32. What is the remainder when (k/(-3))/(3/477) is divided by n?
26
Suppose 0 = -5*j + 3 + 7. Suppose 0 = x + 5, -16 = -0*c + 3*c + j*x. Calculate the remainder when (-88)/(-10) - c/10 is divided by 5.
4
Suppose -t = 5*f - 24, 7 = t + 3. Suppose 0*h + 2*h = -3*m + 75, 4*m + 200 = f*h. Calculate the remainder when h is divided by -2*-4*(-3 + 5).
13
Suppose 83 - 263 = -4*m. Calculate the remainder when 404 is divided by m.
44
Let r = 142 + -111. Suppose -3*x = -o + 5, -4*x = 8*o - 4*o - 4. Let n = r - x. Calculate the remainder when n is divided by 17.
15
Suppose 1716 + 101 = 23*w. What is the remainder when 150 is divided by w?
71
Let c = -22 + 20. Let n(u) = -4*u**3 - 4*u**2 - 2*u - 3. What is the remainder when 25 is divided by n(c)?
8
Let h(y) = 4*y + 138. Calculate the remainder when h(0) is divided by 14.
12
Let t(k) = 15*k**2 + 10*k - 13. Let f be t(3). Suppose 2*l - f = -6*l. What is the remainder when l is divided by 8?
3
What is the remainder when 96 is divided by 2*(-12)/14*(-28)/6?
0
Suppose -1 = 4*x - 93. Suppose -5*j + 27 = -x. Let c = -92 + 129. What is the remainder when c is divided by j?
7
Suppose -21*n + 20*n + 264 = 0. What is the remainder when n is divided by 19?
17
Let h(u) = 5*u - 6. Let t be h(6). Suppose -w + 5*o = 2*w - 78, 0 = -w + o + t. Suppose -12 = -3*a + w. What is the remainder when a is divided by 6?
5
Let d(v) = v**2 - 75*v + 682. Let r = 16 - 3. What is the remainder when d(10) is divided by r?
6
Let d = 5 + -1. Suppose y + 24 = d*y. Let c = 17 - y. Calculate the remainder when 34 is divided by c.
7
Suppose k = 51 - 17. What is the remainder when k is divided by 6*1*(26 + -25)?
4
Let a(m) = m**3 - 4*m**2 - 3*m + 5. Let h = -8 - -14. Let c = 12 - h. Calculate the remainder when a(5) is divided by c.
3
Let z = -35 - -118. Let c = -44 + z. What is the remainder when c is divided by 25?
14
Suppose -887 = -5*q - 4*o, -4*q - 2*o = -4*o - 694. Calculate the remainder when q is divided by 59.
57
Suppose 4*a + y = 0, -4*y + 3 = 4*a - 9. Calculate the remainder when 6/(-2)*26/(-3) is divided by ((2 - 9) + -2)*(0 + a).
8
Let j = 701 - 644. Calculate the remainder when j is divided by 17.
6
Let d(r) = r**3 + 6*r**2 + 3*r + 3. Let z be d(-5). Calculate the remainder when (30/7)/(z/91) is divided by 8.
6
Suppose x + 2*x = 48. Let s(g) = -g**2 - 3*g + 12. What is 